{"id":5072,"date":"2023-04-27T13:30:17","date_gmt":"2023-04-27T11:30:17","guid":{"rendered":"http:\/\/www.dynamic-club.be\/site\/?page_id=5072"},"modified":"2025-09-20T15:19:21","modified_gmt":"2025-09-20T13:19:21","slug":"participation-aux-frais-2025-2026","status":"publish","type":"page","link":"https:\/\/www.dynamic-club.be\/site\/participation-aux-frais-2025-2026\/","title":{"rendered":"Page &#8211; Participation aux frais 2025-2026"},"content":{"rendered":"\t\t<div data-elementor-type=\"wp-page\" data-elementor-id=\"5072\" class=\"elementor elementor-5072\">\n\t\t\t\t\t\t<section class=\"elementor-section elementor-top-section elementor-element elementor-element-49e15d7c elementor-section-boxed elementor-section-height-default elementor-section-height-default\" data-id=\"49e15d7c\" data-element_type=\"section\" data-e-type=\"section\">\n\t\t\t\t\t\t<div class=\"elementor-container elementor-column-gap-default\">\n\t\t\t\t\t<div class=\"elementor-column elementor-col-100 elementor-top-column elementor-element elementor-element-1b0b289c\" data-id=\"1b0b289c\" data-element_type=\"column\" data-e-type=\"column\">\n\t\t\t<div class=\"elementor-widget-wrap elementor-element-populated\">\n\t\t\t\t\t\t<div class=\"elementor-element elementor-element-522edf7c elementor-widget elementor-widget-text-editor\" data-id=\"522edf7c\" data-element_type=\"widget\" data-e-type=\"widget\" data-widget_type=\"text-editor.default\">\n\t\t\t\t\t\t\t\t\t<p><strong>Par membre, pour la saison 2025-2026 compl\u00e8te\u00a0 \u00a0 \u00a0\u00a0<br \/><\/strong><\/p><table style=\"border-collapse: collapse; width: 100%; height: 636px;\"><tbody><tr style=\"height: 26px;\"><td style=\"width: 41.0919%; height: 26px;\">gymnastique artistique fille<\/td><td style=\"width: 47.2988%; height: 26px;\"><strong>GAF1 \u00e0 GAF5<\/strong><\/td><td style=\"width: 11.6092%; text-align: center; height: 26px;\"><strong>150\u20ac<\/strong><\/td><\/tr><tr><td style=\"width: 41.0919%;\">\u00a0<\/td><td style=\"width: 47.2988%;\"><strong>GAF18<\/strong><\/td><td style=\"width: 11.6092%; text-align: center;\"><strong>200\u20ac<\/strong><\/td><\/tr><tr><td style=\"width: 41.0919%;\">\u00a0<\/td><td style=\"width: 47.2988%;\"><strong>\u00a0<\/strong><\/td><td style=\"width: 11.6092%; text-align: center;\"><strong>\u00a0<\/strong><\/td><\/tr><tr style=\"height: 26px;\"><td style=\"width: 41.0919%; height: 26px;\">gymnastique artistique gar\u00e7on<\/td><td style=\"width: 47.2988%; height: 26px;\"><strong>GAM1, GAM2, GAM3, GAM4<\/strong><\/td><td style=\"width: 11.6092%; text-align: center; height: 26px;\"><strong>150\u20ac<\/strong><\/td><\/tr><tr style=\"height: 26px;\"><td style=\"width: 41.0919%; height: 26px;\">\u00a0<\/td><td style=\"width: 47.2988%; height: 26px;\"><strong>GAM20<\/strong><\/td><td style=\"width: 11.6092%; text-align: center; height: 26px;\"><strong>150\u20ac<\/strong><\/td><\/tr><tr><td style=\"width: 41.0919%;\">\u00a0<\/td><td style=\"width: 47.2988%;\"><strong>GAMC<\/strong><\/td><td style=\"width: 11.6092%; text-align: center;\"><strong>200\u20ac\u00a0<\/strong><\/td><\/tr><tr><td style=\"width: 41.0919%;\">\u00a0<\/td><td style=\"width: 47.2988%;\"><strong>\u00a0<\/strong><\/td><td style=\"width: 11.6092%; text-align: center;\"><strong>\u00a0<\/strong><\/td><\/tr><tr style=\"height: 26px;\"><td style=\"width: 41.0919%; height: 26px;\">gymnastique de comp\u00e9tition<\/td><td style=\"width: 47.2988%; height: 26px;\"><strong>GAFC1<\/strong><\/td><td style=\"width: 11.6092%; text-align: center; height: 26px;\"><strong>450\u20ac<\/strong><\/td><\/tr><tr><td style=\"width: 41.0919%;\">\u00a0<\/td><td style=\"width: 47.2988%;\"><strong>GAFC2<\/strong><\/td><td style=\"width: 11.6092%; text-align: center;\"><strong>600\u20ac<\/strong><\/td><\/tr><tr><td style=\"width: 41.0919%;\">\u00a0<\/td><td style=\"width: 47.2988%;\"><strong>\u00a0<\/strong><\/td><td style=\"width: 11.6092%; text-align: center;\"><strong>\u00a0<\/strong><\/td><\/tr><tr style=\"height: 26px;\"><td style=\"width: 41.0919%; height: 26px;\">gymnastique rythmique<\/td><td style=\"width: 47.2988%; height: 26px;\"><strong>GR1, GR2, GR3.1<\/strong><\/td><td style=\"width: 11.6092%; text-align: center; height: 26px;\"><strong>150\u20ac<\/strong><\/td><\/tr><tr style=\"height: 26px;\"><td style=\"width: 41.0919%; height: 26px;\">\u00a0<\/td><td style=\"width: 47.2988%; height: 26px;\"><strong>GREURO, GR3.2<\/strong><\/td><td style=\"width: 11.6092%; text-align: center; height: 26px;\"><strong>200\u20ac<\/strong><\/td><\/tr><tr><td style=\"width: 41.0919%;\">\u00a0<\/td><td style=\"width: 47.2988%;\">\u00a0<\/td><td style=\"width: 11.6092%; text-align: center;\"><strong>\u00a0<\/strong><\/td><\/tr><tr style=\"height: 26px;\"><td style=\"width: 41.0919%; height: 26px;\">gymnastique adultes<\/td><td style=\"width: 47.2988%; height: 26px;\"><strong>GD, GH<\/strong><\/td><td style=\"width: 11.6092%; text-align: center; height: 26px;\"><strong>135\u20ac<\/strong><\/td><\/tr><tr><td style=\"width: 41.0919%;\">\u00a0<\/td><td style=\"width: 47.2988%;\"><strong>\u00a0<\/strong><\/td><td style=\"width: 11.6092%; text-align: center;\"><strong>\u00a0<\/strong><\/td><\/tr><tr style=\"height: 26px;\"><td style=\"width: 41.0919%; height: 26px;\">gymnastique d\u00e9monstration<\/td><td style=\"width: 47.2988%; height: 26px;\"><strong>RTRACK<\/strong><\/td><td style=\"width: 11.6092%; text-align: center; height: 26px;\"><strong>200\u20ac<\/strong><\/td><\/tr><tr><td style=\"width: 41.0919%;\">\u00a0<\/td><td style=\"width: 47.2988%;\"><strong>\u00a0<\/strong><\/td><td style=\"width: 11.6092%; text-align: center;\"><strong>\u00a0<\/strong><\/td><\/tr><tr style=\"height: 26px;\"><td style=\"width: 41.0919%; height: 26px;\">modern jazz<\/td><td style=\"width: 47.2988%; height: 26px;\"><strong>MJAZZ1<\/strong><\/td><td style=\"width: 11.6092%; text-align: center; height: 26px;\"><strong>150\u20ac<\/strong><\/td><\/tr><tr style=\"height: 26px;\"><td style=\"width: 41.0919%; height: 26px;\">\u00a0<\/td><td style=\"width: 47.2988%; height: 26px;\"><strong>MJAZZ2, HIPHOP<\/strong><\/td><td style=\"width: 11.6092%; text-align: center; height: 26px;\"><strong>135\u20ac<\/strong><\/td><\/tr><tr style=\"height: 26px;\"><td style=\"width: 41.0919%; height: 26px;\">\u00a0<\/td><td style=\"width: 47.2988%; height: 26px;\"><strong>MJAZZ3<\/strong><\/td><td style=\"width: 11.6092%; text-align: center; height: 26px;\"><strong>165\u20ac<\/strong><\/td><\/tr><tr><td style=\"width: 41.0919%;\">\u00a0<\/td><td style=\"width: 47.2988%;\"><strong>\u00a0<\/strong><\/td><td style=\"width: 11.6092%; text-align: center;\"><strong>\u00a0<\/strong><\/td><\/tr><tr style=\"height: 26px;\"><td style=\"width: 41.0919%; height: 26px;\">psychomotricit\u00e9<\/td><td style=\"width: 47.2988%; height: 26px;\"><strong>PSY1<\/strong><\/td><td style=\"width: 11.6092%; text-align: center; height: 26px;\"><strong>125\u20ac<\/strong><\/td><\/tr><tr style=\"height: 26px;\"><td style=\"width: 41.0919%; height: 26px;\">\u00a0<\/td><td style=\"width: 47.2988%; height: 26px;\"><strong>PSY2, PSY3<\/strong><\/td><td style=\"width: 11.6092%; text-align: center; height: 26px;\"><strong>135\u20ac<\/strong><\/td><\/tr><tr><td style=\"width: 41.0919%;\">\u00a0<\/td><td style=\"width: 47.2988%;\"><strong>\u00a0<\/strong><\/td><td style=\"width: 11.6092%; text-align: center;\"><strong>\u00a0<\/strong><\/td><\/tr><tr style=\"height: 26px;\"><td style=\"width: 41.0919%; height: 26px;\">tennis<\/td><td style=\"width: 47.2988%; height: 26px;\"><strong>T6.1<\/strong><\/td><td style=\"width: 11.6092%; text-align: center; height: 26px;\"><strong>245\u20ac<\/strong><\/td><\/tr><tr style=\"height: 26px;\"><td style=\"width: 41.0919%; height: 26px;\">\u00a0<\/td><td style=\"width: 47.2988%; height: 26px;\"><strong>TA<\/strong><\/td><td style=\"width: 11.6092%; text-align: center; height: 26px;\"><strong>265\u20ac<\/strong><\/td><\/tr><\/tbody><\/table><p>Par saison, une <strong>r\u00e9duction familiale<\/strong> de 10\u20ac est accord\u00e9e au membre s&rsquo;inscrivant \u00e0 un deuxi\u00e8me cours, ou au deuxi\u00e8me membre d&rsquo;une m\u00eame famille s&rsquo;inscrivant \u00e0 un cours. De m\u00eame, une r\u00e9duction de 15\u20ac, 20\u20ac, etc. est accord\u00e9e pour chaque cours suppl\u00e9mentaire suivi par tout membre d&rsquo;une m\u00eame famille.<\/p><p>La participation inclut les frais de fonctionnement fix\u00e9s par le club ainsi que les frais de licence\/assurance fix\u00e9s par la FfG.<br \/>Les frais de fonctionnement et de licence\/assurance soit 25\u20ac (loisir)\/30\u20ac (comp\u00e9tition) pour la saison 2025-2026, ne sont pas remboursables.<\/p>\t\t\t\t\t\t\t\t<\/div>\n\t\t\t\t\t<\/div>\n\t\t<\/div>\n\t\t\t\t\t<\/div>\n\t\t<\/section>\n\t\t\t\t<\/div>\n\t\t","protected":false},"excerpt":{"rendered":"<p>Par membre, pour la saison 2025-2026 compl\u00e8te\u00a0 \u00a0 \u00a0\u00a0 gymnastique artistique fille GAF1 \u00e0 GAF5 150\u20ac \u00a0 GAF18 200\u20ac \u00a0 \u00a0 \u00a0 gymnastique artistique gar\u00e7on GAM1, GAM2, GAM3, GAM4 150\u20ac \u00a0 GAM20 150\u20ac \u00a0 GAMC 200\u20ac\u00a0 \u00a0 \u00a0 \u00a0 gymnastique de comp\u00e9tition GAFC1 450\u20ac \u00a0 GAFC2 600\u20ac \u00a0 \u00a0 \u00a0 gymnastique rythmique GR1, GR2, GR3.1 &hellip; <\/p>\n<p class=\"link-more\"><a href=\"https:\/\/www.dynamic-club.be\/site\/participation-aux-frais-2025-2026\/\" class=\"more-link\">Continuer la lecture<span class=\"screen-reader-text\"> de &laquo;&nbsp;Page &#8211; Participation aux frais 2025-2026&nbsp;&raquo;<\/span><\/a><\/p>\n","protected":false},"author":2,"featured_media":0,"parent":0,"menu_order":0,"comment_status":"closed","ping_status":"closed","template":"","meta":{"ngg_post_thumbnail":0,"footnotes":""},"class_list":["post-5072","page","type-page","status-publish","hentry"],"_links":{"self":[{"href":"https:\/\/www.dynamic-club.be\/site\/wp-json\/wp\/v2\/pages\/5072","targetHints":{"allow":["GET"]}}],"collection":[{"href":"https:\/\/www.dynamic-club.be\/site\/wp-json\/wp\/v2\/pages"}],"about":[{"href":"https:\/\/www.dynamic-club.be\/site\/wp-json\/wp\/v2\/types\/page"}],"author":[{"embeddable":true,"href":"https:\/\/www.dynamic-club.be\/site\/wp-json\/wp\/v2\/users\/2"}],"replies":[{"embeddable":true,"href":"https:\/\/www.dynamic-club.be\/site\/wp-json\/wp\/v2\/comments?post=5072"}],"version-history":[{"count":0,"href":"https:\/\/www.dynamic-club.be\/site\/wp-json\/wp\/v2\/pages\/5072\/revisions"}],"wp:attachment":[{"href":"https:\/\/www.dynamic-club.be\/site\/wp-json\/wp\/v2\/media?parent=5072"}],"curies":[{"name":"wp","href":"https:\/\/api.w.org\/{rel}","templated":true}]}}