{"id":372,"date":"2017-11-19T15:49:13","date_gmt":"2017-11-19T14:49:13","guid":{"rendered":"http:\/\/www.dynamic-club.be\/site\/?page_id=372"},"modified":"2025-12-15T10:15:01","modified_gmt":"2025-12-15T09:15:01","slug":"informations-pratiques","status":"publish","type":"page","link":"https:\/\/www.dynamic-club.be\/site\/informations-pratiques\/","title":{"rendered":"Page &#8211; Informations pratiques"},"content":{"rendered":"\t\t<div data-elementor-type=\"wp-page\" data-elementor-id=\"372\" class=\"elementor elementor-372\">\n\t\t\t\t\t\t<section class=\"elementor-section elementor-top-section elementor-element elementor-element-1fba830c elementor-section-boxed elementor-section-height-default elementor-section-height-default\" data-id=\"1fba830c\" data-element_type=\"section\" data-e-type=\"section\">\n\t\t\t\t\t\t<div class=\"elementor-container elementor-column-gap-default\">\n\t\t\t\t\t<div class=\"elementor-column elementor-col-100 elementor-top-column elementor-element elementor-element-13a66efb\" data-id=\"13a66efb\" data-element_type=\"column\" data-e-type=\"column\">\n\t\t\t<div class=\"elementor-widget-wrap elementor-element-populated\">\n\t\t\t\t\t\t<div class=\"elementor-element elementor-element-78b45658 elementor-widget elementor-widget-text-editor\" data-id=\"78b45658\" data-element_type=\"widget\" data-e-type=\"widget\" data-widget_type=\"text-editor.default\">\n\t\t\t\t\t\t\t\t\t<h1><strong>Informations pratiques<\/strong><\/h1><p><a href=\"https:\/\/www.dynamic-club.be\/site\/wp-content\/uploads\/2025\/12\/BrochureDynamicClub25-26.pdf\"><strong><span style=\"color: #0000ff; font-size: 12pt;\">T\u00e9l\u00e9chargez le programme Saison 2025-2026 du Dynamic Club<\/span><\/strong><\/a><\/p><h2><strong>Lieu\u00a0<\/strong><\/h2><p class=\"base\">Les cours se donnent dans les halls omnisports de l&rsquo;Institut de la Vall\u00e9e Bailly, rue Vall\u00e9e Bailly 102 \u00e0 Braine-l&rsquo;Alleud.\u00a0<a href=\"http:\/\/www.dynamic-club.be\/site\/contact\/\">(plan d&rsquo;acc\u00e8s)<\/a>.<br \/>Les cours de gymnastique se donnent dans une salle sp\u00e9cifique \u00ab\u00a0hall de gymnastique\u00a0\u00bb, \u00e9quip\u00e9e de tous les engins olympiques pour gar\u00e7ons et filles. Les cours de psychomotricit\u00e9, d&rsquo;air-track et certains cours de gymnastique se donnent dans la \u00ab\u00a0petite salle de gymnastique\u00a0\u00bb du hall de sport. Les cours de jazz et de chor\u00e9graphie se donnent dans la \u00ab\u00a0salle d&rsquo;expression corporelle\u00a0\u00bb \u00e0 l&rsquo;\u00e9tage. Les cours de tennis se donnent dans le grand hall de sport, avec deux terrains couverts.<\/p><h2 class=\"soustitre\"><strong>\u00c9quipement<\/strong><\/h2><p class=\"base\">&#8211; short avec T-shirt du Club, ou particularit\u00e9s \u00e0 voir avec le moniteur en fonction de la discipline suivie.<br \/>&#8211; tunique ou body, obligatoire pour les groupes de comp\u00e9tition.<br \/>&#8211; le port de chaussures \u00e0 semelles dures ou marquantes est interdit dans les salles.<\/p><h2 class=\"soustitre\"><strong>Certificat m\u00e9dical<\/strong><\/h2><p class=\"base\">Pour la majorit\u00e9 de nos membres, le certificat m\u00e9dical n&rsquo;est plus exig\u00e9 par la f\u00e9d\u00e9ration, hormis pour les membres de plus de 70 ans et ceux des comp\u00e9titions div.1 et div.2.<br \/>Nous insistons sur l&rsquo;importance d&rsquo;un avis m\u00e9dical avant de s&rsquo;inscrire ou de reprendre l&rsquo;entrainement sportif.<\/p><h2 class=\"soustitre\"><strong>Intervention de la mutuelle ou de l&#8217;employeur<br \/><\/strong><\/h2><p>Le justificatif, peut \u00eatre demand\u00e9 ci-dessous via le formulaire de demande, sinon, faire compl\u00e9ter le formulaire lors des permanences du secr\u00e9tariat. L&rsquo;attestation ne sera transmise sur demande qu&rsquo;\u00e0 partir du <strong>1er octobre<\/strong>, apr\u00e8s une participation confirm\u00e9e.<\/p><p><div class=\"frm_forms  with_frm_style frm_style_big-text\" id=\"frm_form_3_container\" >\n<form enctype=\"multipart\/form-data\" method=\"post\" class=\"frm-show-form  frm_pro_form \" id=\"form_7kd3o\" >\n<div class=\"frm_form_fields \">\n<fieldset>\n<legend class=\"frm_hidden\">Demande d&rsquo;attestation<\/legend>\r\n\r\n<div class=\"frm_fields_container\">\n<input type=\"hidden\" name=\"frm_action\" value=\"create\" \/>\n<input type=\"hidden\" name=\"form_id\" value=\"3\" \/>\n<input type=\"hidden\" name=\"frm_hide_fields_3\" id=\"frm_hide_fields_3\" value=\"\" \/>\n<input type=\"hidden\" name=\"form_key\" value=\"7kd3o\" \/>\n<input type=\"hidden\" name=\"item_meta[0]\" value=\"\" \/>\n<input type=\"hidden\" id=\"frm_submit_entry_3\" name=\"frm_submit_entry_3\" value=\"87e7f6b302\" \/><input type=\"hidden\" name=\"_wp_http_referer\" value=\"\/site\/wp-json\/wp\/v2\/pages\/372\" \/><div id=\"frm_field_11_container\" class=\"frm_form_field form-field  frm_required_field frm_top_container\">\r\n    <label for=\"field_vjxes\" class=\"frm_primary_label\">Nom:\r\n        <span class=\"frm_required\">*<\/span>\r\n    <\/label>\r\n    <input  type=\"text\" id=\"field_vjxes\" name=\"item_meta[11]\" value=\"\"  data-reqmsg=\"Ce champ ne peut pas \u00eatre vide\" aria-required=\"true\" data-invmsg=\"Nom: est non valide\" aria-invalid=\"false\"   \/>\r\n    \r\n    \r\n<\/div>\n<div id=\"frm_field_12_container\" class=\"frm_form_field form-field  frm_required_field frm_top_container\">\r\n    <label for=\"field_z50la\" class=\"frm_primary_label\">Pr\u00e9nom:\r\n        <span class=\"frm_required\">*<\/span>\r\n    <\/label>\r\n    <input  type=\"text\" id=\"field_z50la\" name=\"item_meta[12]\" value=\"\"  data-reqmsg=\"Ce champ ne peut pas \u00eatre vide\" aria-required=\"true\" data-invmsg=\"Pr\u00e9nom: est non valide\" aria-invalid=\"false\"   \/>\r\n    \r\n    \r\n<\/div>\n<div id=\"frm_field_13_container\" class=\"frm_form_field form-field  frm_required_field frm_top_container\">\r\n    <label for=\"field_5oocy\" class=\"frm_primary_label\">Adresse e-mail:\r\n        <span class=\"frm_required\">*<\/span>\r\n    <\/label>\r\n    <input type=\"email\" id=\"field_5oocy\" name=\"item_meta[13]\" value=\"\"  data-reqmsg=\"Ce champ ne peut pas \u00eatre vide\" aria-required=\"true\" data-invmsg=\"Adresse e-mail: est non valide\" aria-invalid=\"false\"  \/>\r\n    \r\n    \r\n<\/div>\n<div id=\"frm_field_14_container\" class=\"frm_form_field form-field  frm_required_field frm_top_container\">\r\n    <label for=\"field_qwbft\" class=\"frm_primary_label\">Nom de l&rsquo;enfant:\r\n        <span class=\"frm_required\">*<\/span>\r\n    <\/label>\r\n    <input  type=\"text\" id=\"field_qwbft\" name=\"item_meta[14]\" value=\"\"  data-reqmsg=\"Ce champ ne peut pas \u00eatre vide\" aria-required=\"true\" data-invmsg=\"Nom de l&#039;enfant: est non valide\" aria-invalid=\"false\"   \/>\r\n    \r\n    \r\n<\/div>\n<div id=\"frm_field_15_container\" class=\"frm_form_field form-field  frm_required_field frm_top_container\">\r\n    <label for=\"field_8kdc6\" class=\"frm_primary_label\">Pr\u00e9nom de l&rsquo;enfant:\r\n        <span class=\"frm_required\">*<\/span>\r\n    <\/label>\r\n    <input  type=\"text\" id=\"field_8kdc6\" name=\"item_meta[15]\" value=\"\"  data-reqmsg=\"Ce champ ne peut pas \u00eatre vide\" aria-required=\"true\" data-invmsg=\"Pr\u00e9nom de l&#039;enfant: est non valide\" aria-invalid=\"false\"   \/>\r\n    \r\n    \r\n<\/div>\n<div id=\"frm_field_16_container\" class=\"frm_form_field form-field  frm_required_field frm_top_container vertical_radio\">\r\n    <label  class=\"frm_primary_label\">Demande d&rsquo;une attestation d&rsquo;intervention de la mutuelle ou de l&#8217;employeur\r\n        <span class=\"frm_required\">*<\/span>\r\n    <\/label>\r\n    <div class=\"frm_opt_container\">\t\t<div class=\"frm_checkbox\" id=\"frm_checkbox_16-3\">\t\t\t<label  for=\"field_oyrv5-3\">\n\t\t\t<input type=\"checkbox\" name=\"item_meta[16][]\" id=\"field_oyrv5-3\" value=\"Saison 2023-2024\"  data-reqmsg=\"Ce champ ne peut pas \u00eatre vide\" data-invmsg=\"Demande d&#039;une attestation d&#039;intervention de la mutuelle ou de l&#039;employeur est non valide\"   aria-required=\"true\"  \/> Saison 2023-2024<\/label><\/div>\n\t\t<div class=\"frm_checkbox\" id=\"frm_checkbox_16-4\">\t\t\t<label  for=\"field_oyrv5-4\">\n\t\t\t<input type=\"checkbox\" name=\"item_meta[16][]\" id=\"field_oyrv5-4\" value=\"Saison 2024-2025\"  data-reqmsg=\"Ce champ ne peut pas \u00eatre vide\" data-invmsg=\"Demande d&#039;une attestation d&#039;intervention de la mutuelle ou de l&#039;employeur est non valide\"   \/> Saison 2024-2025<\/label><\/div>\n\t\t<div class=\"frm_checkbox\" id=\"frm_checkbox_16-5\">\t\t\t<label  for=\"field_oyrv5-5\">\n\t\t\t<input type=\"checkbox\" name=\"item_meta[16][]\" id=\"field_oyrv5-5\" value=\"Saison 2025-2026\"  data-reqmsg=\"Ce champ ne peut pas \u00eatre vide\" data-invmsg=\"Demande d&#039;une attestation d&#039;intervention de la mutuelle ou de l&#039;employeur est non valide\"   \/> Saison 2025-2026<\/label><\/div>\n<\/div>\r\n    \r\n    \r\n<\/div>\n<div id=\"frm_field_17_container\" class=\"frm_form_field form-field  frm_top_container\">\r\n    <label for=\"field_dq4lf\" class=\"frm_primary_label\">Messages:\r\n        <span class=\"frm_required\"><\/span>\r\n    <\/label>\r\n    <textarea name=\"item_meta[17]\" id=\"field_dq4lf\" rows=\"5\"  data-invmsg=\"Messages: est non valide\" aria-invalid=\"false\"  ><\/textarea>\r\n    \r\n    \r\n<\/div>\n<div id=\"frm_field_1092_container\" class=\"frm_form_field form-field \">\r\n\t<div class=\"frm_submit\">\r\n\r\n<button class=\"frm_button_submit frm_final_submit\" type=\"submit\"   formnovalidate=\"formnovalidate\">Envoyer<\/button>\r\n\r\n<\/div>\r\n<\/div>\n\t<input type=\"hidden\" name=\"item_key\" value=\"\" \/>\n\t\t\t<div id=\"frm_field_1420_container\">\n\t\t\t<label for=\"field_nmjeo\" >\n\t\t\t\tSi vous \u00eates un humain, ne remplissez pas ce champ.\t\t\t<\/label>\n\t\t\t<input  id=\"field_nmjeo\" type=\"text\" class=\"frm_form_field form-field frm_verify\" name=\"item_meta[1420]\" value=\"\"  \/>\n\t\t<\/div>\n\t\t<input name=\"frm_state\" type=\"hidden\" value=\"CyMEKAqSSvskhXFsIPR5x1NVPqB2NM+pvjgGJlgswqeGA0MgLW4edSTb0+oYN8yK\" \/><\/div>\n<\/fieldset>\n<\/div>\n\n<\/form>\n<\/div>\n<\/p><h2 class=\"soustitre\"><strong>Assurance<\/strong><\/h2><p class=\"base\">D\u00e8s que le membre est en ordre d&rsquo;inscription, il est couvert en RC et d\u00e9g\u00e2ts corporels aupr\u00e8s de l&rsquo;assurance de la FfG (F\u00e9d\u00e9ration Francophone de Gymnastique). Un feuillet d&rsquo;information concernant cette assurance peut \u00eatre obtenu sur demande.<\/p><h2 class=\"soustitre\"><strong>Horaires<\/strong><\/h2><p class=\"base\">La saison s&rsquo;\u00e9tend du 25 ao\u00fbt 2025 au 24 juin 2026, et les cours sont suspendus lors des cong\u00e9s scolaires.<br \/>Les \u00e9ph\u00e9m\u00e9rides, ainsi que les modifications \u00e9ventuelles, sont distribu\u00e9es en d\u00e9but de saison et sont affich\u00e9es dans les halls d&rsquo;entr\u00e9e des deux salles. Elles sont tenues \u00e0 jour sur notre site Internet.<\/p><p class=\"base\"><big><b>D\u00e9but des cours d\u00e8s le lundi 25 ao\u00fbt 2025<\/b><\/big><\/p><p class=\"soustitre\"><strong>Pr\u00e9sence<\/strong><\/p><p class=\"base\">Une pr\u00e9sence r\u00e9guli\u00e8re est indispensable afin de progresser et de suivre l&rsquo;\u00e9volution du groupe.<br \/>Les absences r\u00e9p\u00e9t\u00e9es non motiv\u00e9es pourraient \u00eatre sanctionn\u00e9es par l&rsquo;exclusion du cours.<br \/>Nous ne pouvons \u00e9videmment pas assurer la responsabilit\u00e9 des enfants qui ne se pr\u00e9sentent pas au cours.<\/p>\t\t\t\t\t\t\t\t<\/div>\n\t\t\t\t\t<\/div>\n\t\t<\/div>\n\t\t\t\t\t<\/div>\n\t\t<\/section>\n\t\t\t\t<\/div>\n\t\t","protected":false},"excerpt":{"rendered":"<p>Informations pratiques T\u00e9l\u00e9chargez le programme Saison 2025-2026 du Dynamic Club Lieu\u00a0 Les cours se donnent dans les halls omnisports de l&rsquo;Institut de la Vall\u00e9e Bailly, rue Vall\u00e9e Bailly 102 \u00e0 Braine-l&rsquo;Alleud.\u00a0(plan d&rsquo;acc\u00e8s).Les cours de gymnastique se donnent dans une salle sp\u00e9cifique \u00ab\u00a0hall de gymnastique\u00a0\u00bb, \u00e9quip\u00e9e de tous les engins olympiques pour gar\u00e7ons et filles. Les &hellip; <\/p>\n<p class=\"link-more\"><a href=\"https:\/\/www.dynamic-club.be\/site\/informations-pratiques\/\" class=\"more-link\">Continuer la lecture<span class=\"screen-reader-text\"> de &laquo;&nbsp;Page &#8211; Informations pratiques&nbsp;&raquo;<\/span><\/a><\/p>\n","protected":false},"author":2,"featured_media":0,"parent":0,"menu_order":0,"comment_status":"closed","ping_status":"closed","template":"","meta":{"ngg_post_thumbnail":0,"footnotes":""},"class_list":["post-372","page","type-page","status-publish","hentry"],"_links":{"self":[{"href":"https:\/\/www.dynamic-club.be\/site\/wp-json\/wp\/v2\/pages\/372","targetHints":{"allow":["GET"]}}],"collection":[{"href":"https:\/\/www.dynamic-club.be\/site\/wp-json\/wp\/v2\/pages"}],"about":[{"href":"https:\/\/www.dynamic-club.be\/site\/wp-json\/wp\/v2\/types\/page"}],"author":[{"embeddable":true,"href":"https:\/\/www.dynamic-club.be\/site\/wp-json\/wp\/v2\/users\/2"}],"replies":[{"embeddable":true,"href":"https:\/\/www.dynamic-club.be\/site\/wp-json\/wp\/v2\/comments?post=372"}],"version-history":[{"count":0,"href":"https:\/\/www.dynamic-club.be\/site\/wp-json\/wp\/v2\/pages\/372\/revisions"}],"wp:attachment":[{"href":"https:\/\/www.dynamic-club.be\/site\/wp-json\/wp\/v2\/media?parent=372"}],"curies":[{"name":"wp","href":"https:\/\/api.w.org\/{rel}","templated":true}]}}