{"id":1761,"date":"2019-04-05T12:23:07","date_gmt":"2019-04-05T10:23:07","guid":{"rendered":"http:\/\/www.dynamic-club.be\/site\/?page_id=1761"},"modified":"2025-09-20T15:19:21","modified_gmt":"2025-09-20T13:19:21","slug":"politique-de-confidentialite","status":"publish","type":"page","link":"https:\/\/www.dynamic-club.be\/site\/politique-de-confidentialite\/","title":{"rendered":"Page &#8211; Politique de confidentialit\u00e9 (RGPD)"},"content":{"rendered":"\t\t<div data-elementor-type=\"wp-post\" data-elementor-id=\"1761\" class=\"elementor elementor-1761\">\n\t\t\t\t\t\t<section class=\"elementor-section elementor-top-section elementor-element elementor-element-f7ae40d elementor-section-boxed elementor-section-height-default elementor-section-height-default\" data-id=\"f7ae40d\" data-element_type=\"section\" data-e-type=\"section\">\n\t\t\t\t\t\t<div class=\"elementor-container elementor-column-gap-default\">\n\t\t\t\t\t<div class=\"elementor-column elementor-col-100 elementor-top-column elementor-element elementor-element-325ce38\" data-id=\"325ce38\" data-element_type=\"column\" data-e-type=\"column\">\n\t\t\t<div class=\"elementor-widget-wrap elementor-element-populated\">\n\t\t\t\t\t\t<div class=\"elementor-element elementor-element-ba3c56f elementor-widget elementor-widget-text-editor\" data-id=\"ba3c56f\" data-element_type=\"widget\" data-e-type=\"widget\" data-widget_type=\"text-editor.default\">\n\t\t\t\t\t\t\t\t\t<header class=\"page-header\"><p style=\"text-align: center;\"><span style=\"font-size: 12pt;\"><span style=\"text-decoration: underline; font-size: 14pt;\"><strong>D\u00e9claration de protection \u00e0 l&rsquo;\u00e9gard des donn\u00e9es personnelles des membres et des parents ou responsables l\u00e9gaux<\/strong><\/span><strong><br \/><\/strong><\/span><\/p><\/header><p><strong>Nom<\/strong> : Dynamic Club de Braine-l&rsquo;Alleud ASBL<\/p><p><strong>Responsable du traitement des donn\u00e9es transmises<\/strong> : Merlotto Jean-Carlo, pr\u00e9sident<\/p><p><strong>Adresse<\/strong> : Rue Vall\u00e9e Bailly, 102 &#8211; 1420 Braine-l&rsquo;Alleud<\/p><p><strong>Courriel de contact<\/strong> :\u00a0president@dynamic-club.be<\/p><p><span style=\"font-size: 1rem;\">Le club r\u00e9colte les donn\u00e9es reprises ci-dessous via votre inscription \u00e0 notre association. Ce<\/span><span style=\"font-size: 1rem;\">lles-ci sont enregistr\u00e9es dans une base de donn\u00e9es informatis\u00e9e au sein du club. En dehors des cas \u00e9nonc\u00e9s ci-dessous, le club s\u2019engage \u00e0 ne pas vendre, louer, c\u00e9der ni donner acc\u00e8s \u00e0 vos donn\u00e9es sans votre consentement pr\u00e9alable \u00e0 moins d\u2019y \u00eatre contraint en raison d\u2019une obligation l\u00e9gale. Si le club d\u00e9cide d\u2019utiliser les donn\u00e9es en vue d\u2019une autre finalit\u00e9 que celle initialement pr\u00e9vue, il doit en informer la personne concern\u00e9e.<\/span><\/p><table style=\"height: 426px; width: 720px;\"><thead><tr style=\"height: 107px;\"><th style=\"border-style: ridge; width: 193.609px; height: 69px; text-align: center;\"><strong>Donn\u00e9es<\/strong><\/th><th style=\"border-style: ridge; width: 476.609px; height: 69px;\"><span style=\"font-weight: normal;\"><i>Nom, pr\u00e9nom, date de naissance, genre, adresse compl\u00e8te, t\u00e9l\u00e9phones, e-mail, num\u00e9ro de compte bancaire, inscription et pr\u00e9sence aux cours, paiement, solde, droit \u00e0 l&rsquo;image, &#8230;<\/i><\/span><\/th><\/tr><\/thead><tbody><tr style=\"height: 29px;\"><th style=\"border-style: ridge; width: 193.609px; height: 29px; text-align: center;\">\u00a0<strong>Base juridique<\/strong><\/th><th style=\"border-style: ridge; width: 476.609px; height: 29px;\"><em style=\"font-weight: normal;\">Int\u00e9r\u00eat l\u00e9gitime<\/em><\/th><\/tr><tr style=\"height: 175px;\"><th style=\"border-style: ridge; width: 193.609px; height: 200px; text-align: center;\">\u00a0<span style=\"font-weight: bold;\">Finalit\u00e9<\/span><\/th><th style=\"border-style: ridge; width: 476.609px; height: 200px;\"><span style=\"font-weight: normal;\"><em>Les donn\u00e9es conserv\u00e9es sont celles strictement n\u00e9cessaires \u00e0 un fonctionnement correct et sain de notre club sportif, \u00e0 savoir et entre autres :<br \/><\/em><em>Affiliation au club et \u00e0 la F\u00e9d\u00e9ration francophone de Gymnastique (FfG)<br \/><\/em><em>Inscription aux comp\u00e9titions, stages, \u00e9v\u00e9nements sportifs ou ludiques, envoi d&rsquo;e-mails y relatifs, gestion des cotisations, d\u00e9livrance d&rsquo;attestation, d\u00e9claration d&rsquo;accident, &#8230;<\/em><\/span><\/th><\/tr><tr style=\"height: 200px;\"><th style=\"border-style: ridge; width: 193.609px; height: 10px; text-align: center;\"><span style=\"font-weight: normal;\">\u00a0<\/span>Destinataire<\/th><th style=\"border-style: ridge; width: 476.609px; height: 10px;\"><span style=\"font-weight: normal;\"><em>Le Conseil d&rsquo;administration, le secr\u00e9tariat administratif et le staff d&rsquo;encadrement sportif. Toutes ces personnes sont sensibilis\u00e9es \u00e0 la confidentialit\u00e9 de ces donn\u00e9es, \u00e0 une utilisation l\u00e9gitime et pr\u00e9cise, ainsi qu&rsquo;\u00e0 la s\u00e9curit\u00e9 de ces donn\u00e9es.<br \/><\/em><\/span><span style=\"font-weight: normal;\"><em>Dans un souci de suivi, chaque entra\u00eeneur re\u00e7oit les informations strictement n\u00e9cessaires concernant les membres participant \u00e0 son cours, en version papier et non informatique.<\/em><\/span><\/th><\/tr><tr style=\"height: 107px;\"><th style=\"border-style: ridge; width: 193.609px; height: 82px; text-align: center;\"><span style=\"font-weight: normal;\">\u00a0<\/span>Dur\u00e9e de conservation<\/th><th style=\"border-style: ridge; width: 476.609px; height: 82px;\"><em style=\"font-weight: normal;\">Vu la taille de notre club et la continuit\u00e9 presque g\u00e9n\u00e9rale des participations sur plusieurs ann\u00e9es, les donn\u00e9es basiques sont reprises dans le fichier de la nouvelle saison.<\/em><\/th><\/tr><tr style=\"height: 30px;\"><th style=\"border-style: ridge; width: 193.609px; height: 30px; text-align: center;\"><span style=\"font-weight: normal;\">\u00a0<\/span>Utilisation de cam\u00e9ras<\/th><th style=\"border-style: ridge; width: 476.609px; height: 30px;\"><em style=\"font-weight: normal;\">Aucune cam\u00e9ra n&rsquo;est install\u00e9e \u00e0 ce jour.<\/em><\/th><\/tr><\/tbody><\/table><p>Conform\u00e9ment au R\u00e8glement europ\u00e9en n\u00b02016\/679\/UE du 27 avril 2016 relatif \u00e0 la protection des personnes physiques \u00e0 l\u2019\u00e9gard du traitement de donn\u00e9es \u00e0 caract\u00e8re personnel et \u00e0 la libre circulation de ces donn\u00e9es, vous b\u00e9n\u00e9ficiez des droits suivants\u00a0:<\/p><ul><li><strong><em>Droit d\u2019acc\u00e8s (article 15 RGPD)<\/em><\/strong><\/li><li><strong><em>Droit de rectification (article 16 RGPD)<\/em><\/strong><\/li><li><strong><em>Droit d\u2019effacement de vos donn\u00e9es (article 17 RGPD)<\/em><\/strong><\/li><li><strong><em>Droit de limitation du traitement (article 18 RGPD)<\/em><\/strong><\/li><li><strong><em>Droit \u00e0 la portabilit\u00e9 des donn\u00e9es (article 20 RGPD)<\/em><\/strong><\/li><li><em><strong>Droit d\u2019opposition \u00e0 un traitement de donn\u00e9es et ce en motivant sp\u00e9cifiquement votre demande, tenant compte que le responsable de traitement peut d\u00e9montrer qu&rsquo;il existe<\/strong> <strong>des motifs l\u00e9gitimes et imp\u00e9rieux qui justifient le traitement contest\u00e9 et ce bien \u00e9videmment en conformit\u00e9 avec le RGPD (articles 21 et 22 RGPD)<\/strong><\/em><\/li><li><em><strong>Droit d\u2019introduire une r\u00e9clamation (article 77 RGPD)<\/strong><\/em><\/li><\/ul>\t\t\t\t\t\t\t\t<\/div>\n\t\t\t\t<div class=\"elementor-element elementor-element-bdfaa8c elementor-button-info elementor-align-left elementor-widget elementor-widget-button\" data-id=\"bdfaa8c\" data-element_type=\"widget\" data-e-type=\"widget\" data-widget_type=\"button.default\">\n\t\t\t\t\t\t\t\t\t\t<a class=\"elementor-button elementor-button-link elementor-size-xs\" href=\"http:\/\/oldclub.be\/wp-content\/uploads\/2018\/06\/R%C3%88GLEMENT-DU-PARLEMENT-EUROP%C3%89EN-ET-DU-CONSEIL.pdf\" target=\"_blank\">\n\t\t\t\t\t\t<span class=\"elementor-button-content-wrapper\">\n\t\t\t\t\t\t<span class=\"elementor-button-icon\">\n\t\t\t\t\t\t\t\t\t<i class=\"fa fa-link\" aria-hidden=\"true\"><\/i>\n\t\t\t\t\t\t\t<\/span>\n\t\t\t\t\t\t\t\t\t<span class=\"elementor-button-text\">Cliquez ici pour consulter le r\u00e9glement complet du RGPD<\/span>\n\t\t\t\t\t<\/span>\n\t\t\t\t\t<\/a>\n\t\t\t\t\t\t\t\t<\/div>\n\t\t\t\t\t<\/div>\n\t\t<\/div>\n\t\t\t\t\t<\/div>\n\t\t<\/section>\n\t\t\t\t<\/div>\n\t\t","protected":false},"excerpt":{"rendered":"<p>D\u00e9claration de protection \u00e0 l&rsquo;\u00e9gard des donn\u00e9es personnelles des membres et des parents ou responsables l\u00e9gaux Nom : Dynamic Club de Braine-l&rsquo;Alleud ASBL Responsable du traitement des donn\u00e9es transmises : Merlotto Jean-Carlo, pr\u00e9sident Adresse : Rue Vall\u00e9e Bailly, 102 &#8211; 1420 Braine-l&rsquo;Alleud Courriel de contact :\u00a0president@dynamic-club.be Le club r\u00e9colte les donn\u00e9es reprises ci-dessous via votre &hellip; <\/p>\n<p class=\"link-more\"><a href=\"https:\/\/www.dynamic-club.be\/site\/politique-de-confidentialite\/\" class=\"more-link\">Continuer la lecture<span class=\"screen-reader-text\"> de &laquo;&nbsp;Page &#8211; Politique de confidentialit\u00e9 (RGPD)&nbsp;&raquo;<\/span><\/a><\/p>\n","protected":false},"author":2,"featured_media":0,"parent":0,"menu_order":0,"comment_status":"closed","ping_status":"closed","template":"","meta":{"ngg_post_thumbnail":0,"footnotes":""},"class_list":["post-1761","page","type-page","status-publish","hentry"],"_links":{"self":[{"href":"https:\/\/www.dynamic-club.be\/site\/wp-json\/wp\/v2\/pages\/1761","targetHints":{"allow":["GET"]}}],"collection":[{"href":"https:\/\/www.dynamic-club.be\/site\/wp-json\/wp\/v2\/pages"}],"about":[{"href":"https:\/\/www.dynamic-club.be\/site\/wp-json\/wp\/v2\/types\/page"}],"author":[{"embeddable":true,"href":"https:\/\/www.dynamic-club.be\/site\/wp-json\/wp\/v2\/users\/2"}],"replies":[{"embeddable":true,"href":"https:\/\/www.dynamic-club.be\/site\/wp-json\/wp\/v2\/comments?post=1761"}],"version-history":[{"count":0,"href":"https:\/\/www.dynamic-club.be\/site\/wp-json\/wp\/v2\/pages\/1761\/revisions"}],"wp:attachment":[{"href":"https:\/\/www.dynamic-club.be\/site\/wp-json\/wp\/v2\/media?parent=1761"}],"curies":[{"name":"wp","href":"https:\/\/api.w.org\/{rel}","templated":true}]}}